{"id":990,"date":"2015-03-09T16:19:51","date_gmt":"2015-03-09T15:19:51","guid":{"rendered":"http:\/\/labex-mme-dii.u-cergy.fr\/?page_id=990"},"modified":"2025-11-21T15:53:57","modified_gmt":"2025-11-21T14:53:57","slug":"firms-markets-and-information","status":"publish","type":"page","link":"https:\/\/labex-mme-dii.u-cergy.fr\/?page_id=990","title":{"rendered":""},"content":{"rendered":"\n<h2 class=\"wp-block-heading\">Laur\u00e9ats de 4\u00a0AAP\u00a0financ\u00e9s par CY Initiative 2025\u00a0<\/h2>\n\n\n\n<p><\/p>\n\n\n\n<p class=\"has-vivid-cyan-blue-color has-text-color has-link-color wp-elements-e3cced4501fc879c8e2eb70656885a9f\"><strong>Learn2Opt \u2014 Informatique \/ IA (Programme Horizon)<\/strong>\u00a0<\/p>\n\n\n\n<p><strong>PI :<\/strong>&nbsp;Emiliano&nbsp;Traversi&nbsp;(CERESSEC\u2013ESSEC) |&nbsp;<strong>Partenaire :<\/strong>&nbsp;Chalmers&nbsp;Univ. (SE)&nbsp;<br><strong>Objet :<\/strong>&nbsp;Architectures d\u2019<strong>apprentissage d\u00e9centralis\u00e9<\/strong>&nbsp;pour l\u2019<strong>optimisation temps r\u00e9el<\/strong>&nbsp;dans des syst\u00e8mes distribu\u00e9s (\u00e9nergie, logistique, mobilit\u00e9, finance).&nbsp;<br><strong>Livrables\/impact :<\/strong>&nbsp;algorithmes avec garanties (stabilit\u00e9\/convergence),&nbsp;<strong>d\u00e9monstrateurs<\/strong>&nbsp;edge, publications IA\u2013optimisation,&nbsp;<strong>positionnement Horizon Europe<\/strong>&nbsp;et transfert industriel.&nbsp;<\/p>\n\n\n\n<p class=\"has-vivid-cyan-blue-color has-text-color has-link-color wp-elements-ef9e6b4cd86edcc251cccc6a76e34289\"><strong>APSTP \u2014 Math\u00e9matiques (Programme \u00c9mergence)<\/strong>&nbsp;<\/p>\n\n\n\n<p><strong>PI :<\/strong>&nbsp;Nicolas&nbsp;Arancibia&nbsp;Robert (AGM\u2013CYU) |&nbsp;<strong>Partenaires :<\/strong>&nbsp;Carleton (CA), Univ.&nbsp;of&nbsp;Maryland (USA)&nbsp;<br><strong>Objet :<\/strong>&nbsp;Approche&nbsp;<strong>faisceautique\/g\u00e9om\u00e9trique<\/strong>&nbsp;des&nbsp;<strong>paquets d\u2019Arthur<\/strong>&nbsp;(Langlands) pour clarifier stabilit\u00e9,&nbsp;<strong>multiplicit\u00e9s<\/strong>&nbsp;et transferts endoscopiques.&nbsp;<br><strong>Livrables\/impact :<\/strong>&nbsp;cadre conceptuel unifi\u00e9, r\u00e9sultats publiables en th\u00e9orie des repr\u00e9sentations,&nbsp;<strong>axe international CYU\u2013Canada\u2013USA<\/strong>&nbsp;renforc\u00e9.&nbsp;<\/p>\n\n\n\n<p class=\"has-vivid-cyan-blue-color has-text-color has-link-color wp-elements-48cac0ba119742dd98ac0317e6c68ef1\"><strong>BIPDM \u2014 Finance (Programme \u00c9mergence)<\/strong>&nbsp;<\/p>\n\n\n\n<p><strong>PI :<\/strong>&nbsp;Sofia Ramos (CERESSEC\u2013ESSEC)&nbsp;<br><strong>Objet :<\/strong>&nbsp;<strong>Biais comportementaux<\/strong>&nbsp;dans la d\u00e9cision d\u2019investissement&nbsp;<strong>PRIIPs<\/strong>&nbsp;et&nbsp;<strong>efficacit\u00e9 r\u00e9elle<\/strong>&nbsp;des documents r\u00e9glementaires (KID).&nbsp;<br><strong>Livrables\/impact :<\/strong>&nbsp;exp\u00e9rimentations et recommandations&nbsp;<strong>r\u00e9gulatoires<\/strong>, publications en finance comportementale, contribution \u00e0 la&nbsp;<strong>protection des investisseurs de d\u00e9tail<\/strong>.&nbsp;<\/p>\n\n\n\n<p class=\"has-vivid-cyan-blue-color has-text-color has-link-color wp-elements-d27e42b6b9d1d2f1d9c3ebd0fc7a9249\"><strong>INEQGEO \u2014 \u00c9conomie (Programme \u00c9mergence)<\/strong>&nbsp;<\/p>\n\n\n\n<p><strong>PI :<\/strong>&nbsp;Gregory&nbsp;Verdugo&nbsp;(THEMA\u2013CYU) |&nbsp;<strong>Partenaires :<\/strong>&nbsp;Stockholm Univ. (SE),&nbsp;Doshisha&nbsp;Univ. (JP)&nbsp;<br><strong>Objet :<\/strong>&nbsp;D\u00e9terminants des&nbsp;<strong>in\u00e9galit\u00e9s g\u00e9ographiques<\/strong>&nbsp;(emploi, salaires, services) et&nbsp;<strong>comparaisons internationales<\/strong>&nbsp;(France, Su\u00e8de, Japon).&nbsp;<br><strong>Livrables\/impact :<\/strong>&nbsp;analyses micro-\u00e9conom\u00e9triques, mod\u00e8les de tri spatial,&nbsp;<strong>pistes d\u2019action publique<\/strong>&nbsp;(coh\u00e9sion territoriale, mobilit\u00e9, logement), publications \u00e9conomie spatiale\/travail.&nbsp;<\/p>\n\n\n\n<p>Interviews avec les porteurs des projets (vid\u00e9os YouTube \u00e0 ins\u00e9rer)&nbsp;<\/p>\n\n\n\n<figure class=\"wp-block-table\"><table><tbody><tr><td><strong>Projet<\/strong>&nbsp;<\/td><td><strong>Domaine<\/strong>&nbsp;<\/td><td><strong>PI \/&nbsp;Lab<\/strong>&nbsp;<\/td><td><strong>Partenaires<\/strong>&nbsp;<\/td><td><strong>Focus<\/strong>&nbsp;<\/td><\/tr><tr><td>Learn2Opt&nbsp;<\/td><td>Informatique \/ IA&nbsp;<\/td><td>E.&nbsp;Traversi, CERESSEC\u2013ESSEC&nbsp;<\/td><td>Chalmers&nbsp;(SE)&nbsp;<\/td><td>Apprentissage d\u00e9centralis\u00e9 pour optimisation temps r\u00e9el&nbsp;<\/td><\/tr><tr><td>APSTP&nbsp;<\/td><td>Math\u00e9matiques&nbsp;<\/td><td>N.&nbsp;Arancibia&nbsp;Robert, AGM\u2013CYU&nbsp;<\/td><td>Carleton (CA), UMD (USA)&nbsp;<\/td><td>Paquets d\u2019Arthur via outils&nbsp;<strong>g\u00e9om\u00e9triques<\/strong>&nbsp;<\/td><\/tr><tr><td>BIPDM&nbsp;<\/td><td>Finance&nbsp;<\/td><td>S. Ramos, CERESSEC\u2013ESSEC&nbsp;<\/td><td>\u2014&nbsp;<\/td><td>PRIIPs, biais et efficacit\u00e9 des KID&nbsp;<\/td><\/tr><tr><td>INEQGEO&nbsp;<\/td><td>\u00c9conomie&nbsp;<\/td><td>G.&nbsp;Verdugo, THEMA\u2013CYU&nbsp;<\/td><td>Stockholm (SE),&nbsp;Doshisha&nbsp;(JP)&nbsp;<\/td><td>In\u00e9galit\u00e9s territoriales compar\u00e9es&nbsp;<\/td><\/tr><\/tbody><\/table><\/figure>\n","protected":false},"excerpt":{"rendered":"<p>Laur\u00e9ats de 4\u00a0AAP\u00a0financ\u00e9s par CY Initiative 2025\u00a0 Learn2Opt \u2014 Informatique \/ IA (Programme Horizon)\u00a0 PI :&nbsp;Emiliano&nbsp;Traversi&nbsp;(CERESSEC\u2013ESSEC) |&nbsp;Partenaire :&nbsp;Chalmers&nbsp;Univ. (SE)&nbsp;Objet :&nbsp;Architectures d\u2019apprentissage d\u00e9centralis\u00e9&nbsp;pour l\u2019optimisation temps r\u00e9el&nbsp;dans des syst\u00e8mes distribu\u00e9s (\u00e9nergie, logistique, mobilit\u00e9, finance).&nbsp;Livrables\/impact :&nbsp;algorithmes avec garanties (stabilit\u00e9\/convergence),&nbsp;d\u00e9monstrateurs&nbsp;edge, publications IA\u2013optimisation,&nbsp;positionnement Horizon Europe&nbsp;et transfert industriel.&nbsp; APSTP \u2014 Math\u00e9matiques (Programme \u00c9mergence)&nbsp; PI :&nbsp;Nicolas&nbsp;Arancibia&nbsp;Robert (AGM\u2013CYU) |&nbsp;Partenaires :&nbsp;Carleton (CA), Univ.&nbsp;of&nbsp;Maryland (USA)&nbsp;Objet [&hellip;]<\/p>\n","protected":false},"author":6,"featured_media":0,"parent":0,"menu_order":0,"comment_status":"closed","ping_status":"closed","template":"","meta":{"_genesis_hide_title":false,"_genesis_hide_breadcrumbs":false,"_genesis_hide_singular_image":false,"_genesis_hide_footer_widgets":false,"_genesis_custom_body_class":"","_genesis_custom_post_class":"","_genesis_layout":"","footnotes":""},"_links":{"self":[{"href":"https:\/\/labex-mme-dii.u-cergy.fr\/index.php?rest_route=\/wp\/v2\/pages\/990"}],"collection":[{"href":"https:\/\/labex-mme-dii.u-cergy.fr\/index.php?rest_route=\/wp\/v2\/pages"}],"about":[{"href":"https:\/\/labex-mme-dii.u-cergy.fr\/index.php?rest_route=\/wp\/v2\/types\/page"}],"author":[{"embeddable":true,"href":"https:\/\/labex-mme-dii.u-cergy.fr\/index.php?rest_route=\/wp\/v2\/users\/6"}],"replies":[{"embeddable":true,"href":"https:\/\/labex-mme-dii.u-cergy.fr\/index.php?rest_route=%2Fwp%2Fv2%2Fcomments&post=990"}],"version-history":[{"count":10,"href":"https:\/\/labex-mme-dii.u-cergy.fr\/index.php?rest_route=\/wp\/v2\/pages\/990\/revisions"}],"predecessor-version":[{"id":2592,"href":"https:\/\/labex-mme-dii.u-cergy.fr\/index.php?rest_route=\/wp\/v2\/pages\/990\/revisions\/2592"}],"wp:attachment":[{"href":"https:\/\/labex-mme-dii.u-cergy.fr\/index.php?rest_route=%2Fwp%2Fv2%2Fmedia&parent=990"}],"curies":[{"name":"wp","href":"https:\/\/api.w.org\/{rel}","templated":true}]}}