{"id":987,"date":"2015-03-09T16:19:06","date_gmt":"2015-03-09T15:19:06","guid":{"rendered":"http:\/\/labex-mme-dii.u-cergy.fr\/?page_id=987"},"modified":"2025-11-21T15:19:50","modified_gmt":"2025-11-21T14:19:50","slug":"extreme-risks-and-rare-events","status":"publish","type":"page","link":"https:\/\/labex-mme-dii.u-cergy.fr\/?page_id=987","title":{"rendered":""},"content":{"rendered":"\n<p><span class=\"TextRun SCXW235120582 BCX8\" lang=\"FR-FR\" xml:lang=\"FR-FR\" data-contrast=\"auto\"><span class=\"NormalTextRun SCXW235120582 BCX8\" data-ccp-parastyle=\"Normal (Web)\">R\u00f4le central de l\u2019<\/span><\/span><span class=\"TextRun SCXW235120582 BCX8\" lang=\"FR-FR\" xml:lang=\"FR-FR\" data-contrast=\"auto\"><span class=\"NormalTextRun SCXW235120582 BCX8\" data-ccp-charstyle=\"Strong\">information<\/span><\/span><span class=\"TextRun SCXW235120582 BCX8\" lang=\"FR-FR\" xml:lang=\"FR-FR\" data-contrast=\"auto\"><span class=\"NormalTextRun SCXW235120582 BCX8\" data-ccp-parastyle=\"Normal (Web)\">&nbsp;et des asym\u00e9tries : rigidit\u00e9s, comportements strat\u00e9giques, \u00e9conomie num\u00e9rique et contr\u00f4le de l\u2019acc\u00e8s aux donn\u00e9es.<\/span><\/span><span class=\"LineBreakBlob BlobObject DragDrop SCXW235120582 BCX8\"><span class=\"SCXW235120582 BCX8\">&nbsp;<\/span><br class=\"SCXW235120582 BCX8\"><\/span><span class=\"TextRun SCXW235120582 BCX8\" lang=\"FR-FR\" xml:lang=\"FR-FR\" data-contrast=\"auto\"><span class=\"NormalTextRun SCXW235120582 BCX8\" data-ccp-parastyle=\"Normal (Web)\">Besoin d\u2019interfaces fortes entre \u00e9conomie, mod\u00e9lisation math\u00e9matique et statistique pour entreprises, r\u00e9gulateurs et chercheurs.<\/span><\/span><span class=\"LineBreakBlob BlobObject DragDrop SCXW235120582 BCX8\"><span class=\"SCXW235120582 BCX8\">&nbsp;<\/span><br class=\"SCXW235120582 BCX8\"><\/span><span class=\"TextRun SCXW235120582 BCX8\" lang=\"FR-FR\" xml:lang=\"FR-FR\" data-contrast=\"auto\"><span class=\"NormalTextRun SCXW235120582 BCX8\" data-ccp-charstyle=\"Strong\">\u00c9quipes<\/span><\/span><span class=\"TextRun SCXW235120582 BCX8\" lang=\"FR-FR\" xml:lang=\"FR-FR\" data-contrast=\"auto\"><span class=\"NormalTextRun SCXW235120582 BCX8\" data-ccp-parastyle=\"Normal (Web)\">&nbsp;: THEMA (9), CEPN (6), LEMMA (4), CERESSEC (22).<\/span><\/span><span class=\"EOP SCXW235120582 BCX8\" data-ccp-props=\"{&quot;134233117&quot;:true,&quot;134233118&quot;:true,&quot;201341983&quot;:0,&quot;335551550&quot;:6,&quot;335551620&quot;:6,&quot;335559740&quot;:240}\">&nbsp;<\/span><\/p>\n","protected":false},"excerpt":{"rendered":"<p>R\u00f4le central de l\u2019information&nbsp;et des asym\u00e9tries : rigidit\u00e9s, comportements strat\u00e9giques, \u00e9conomie num\u00e9rique et contr\u00f4le de l\u2019acc\u00e8s aux donn\u00e9es.&nbsp;Besoin d\u2019interfaces fortes entre \u00e9conomie, mod\u00e9lisation math\u00e9matique et statistique pour entreprises, r\u00e9gulateurs et chercheurs.&nbsp;\u00c9quipes&nbsp;: THEMA (9), CEPN (6), LEMMA (4), CERESSEC (22).&nbsp;<\/p>\n","protected":false},"author":6,"featured_media":0,"parent":0,"menu_order":0,"comment_status":"closed","ping_status":"closed","template":"","meta":{"_genesis_hide_title":false,"_genesis_hide_breadcrumbs":false,"_genesis_hide_singular_image":false,"_genesis_hide_footer_widgets":false,"_genesis_custom_body_class":"","_genesis_custom_post_class":"","_genesis_layout":"","footnotes":""},"_links":{"self":[{"href":"https:\/\/labex-mme-dii.u-cergy.fr\/index.php?rest_route=\/wp\/v2\/pages\/987"}],"collection":[{"href":"https:\/\/labex-mme-dii.u-cergy.fr\/index.php?rest_route=\/wp\/v2\/pages"}],"about":[{"href":"https:\/\/labex-mme-dii.u-cergy.fr\/index.php?rest_route=\/wp\/v2\/types\/page"}],"author":[{"embeddable":true,"href":"https:\/\/labex-mme-dii.u-cergy.fr\/index.php?rest_route=\/wp\/v2\/users\/6"}],"replies":[{"embeddable":true,"href":"https:\/\/labex-mme-dii.u-cergy.fr\/index.php?rest_route=%2Fwp%2Fv2%2Fcomments&post=987"}],"version-history":[{"count":5,"href":"https:\/\/labex-mme-dii.u-cergy.fr\/index.php?rest_route=\/wp\/v2\/pages\/987\/revisions"}],"predecessor-version":[{"id":2559,"href":"https:\/\/labex-mme-dii.u-cergy.fr\/index.php?rest_route=\/wp\/v2\/pages\/987\/revisions\/2559"}],"wp:attachment":[{"href":"https:\/\/labex-mme-dii.u-cergy.fr\/index.php?rest_route=%2Fwp%2Fv2%2Fmedia&parent=987"}],"curies":[{"name":"wp","href":"https:\/\/api.w.org\/{rel}","templated":true}]}}